8a9 (base 13) in base 5?
-21431
-8506 (base 10) to base 5
-233011
-150105 (base 6) to base 11
-a818
8068 (base 10) to base 13
3898
17b9 (base 12) to base 4
230331
2212 (base 5) to base 6
1231
52 (base 16) to base 5
312
-1002120 (base 3) to base 11
-666
What is 1282 (base 10) in base 13?
778
Convert -41045 (base 7) to base 3.
-111200122
What is 111010 (base 3) in base 13?
213
What is -205 (base 16) in base 3?
-201011
What is -496 (base 10) in base 9?
-611
What is 1010110001101 (base 2) in base 3?
21120100
-a07 (base 12) to base 8
-2647
-113c (base 15) to base 12
-2149
10144 (base 6) to base 8
2520
What is 13312 (base 4) in base 9?
617
What is 11110011100 (base 2) in base 9?
2604
Convert -ac5 (base 13) to base 14.
-963
Convert 1402 (base 9) to base 14.
555
Convert -10 (base 13) to base 15.
-d
42040 (base 5) to base 9
3717
-510 (base 11) to base 16
-268
Convert 14344 (base 5) to base 11.
a13
Convert ad0 (base 16) to base 13.
134c
-1022 (base 3) to base 6
-55
Convert -5425 (base 8) to base 9.
-3802
Convert -121121 (base 4) to base 16.
-659
Convert 1001010011 (base 2) to base 7.
1510
What is 2c6 (base 14) in base 12?
3b2
What is -22454 (base 11) in base 16?
-7ee7
Convert -38c4 (base 16) to base 14.
-5420
Convert -1850 (base 12) to base 8.
-5574
Convert 100300 (base 4) to base 9.
1421
-3670 (base 8) to base 9
-2635
Convert 105553 (base 7) to base 11.
13146
334a (base 11) to base 10
4410
Convert -6452 (base 7) to base 3.
-10010212
What is -1130 (base 4) in base 11?
-84
1000201 (base 3) to base 6
3244
Convert -33d (base 15) to base 9.
-1004
What is -32 (base 10) in base 15?
-22
Convert -41174 (base 8) to base 13.
-7993
Convert 100111111111 (base 2) to base 11.
1a17
-862 (base 10) to base 8
-1536
Convert 2133 (base 4) to base 6.
423
What is 1121202 (base 3) in base 9?
1552
Convert 163742 (base 8) to base 11.
40666
Convert -3989 (base 10) to base 12.
-2385
Convert 1101110000010011 (base 2) to base 4.
31300103
Convert 10c (base 14) to base 15.
dd
1335 (base 12) to base 8
4231
What is 100321 (base 4) in base 2?
10000111001
2b2 (base 13) to base 14
267
What is -111000011010 (base 2) in base 5?
-103420
-143 (base 5) to base 14
-36
12000 (base 4) to base 13
237
Convert 1010011010000101 (base 2) to base 16.
a685
135522 (base 6) to base 12
75a2
Convert -1472 (base 9) to base 15.
-4e8
Convert -4a64 (base 16) to base 10.
-19044
Convert -100110111000010 (base 2) to base 11.
-13a57
What is 213313 (base 6) in base 5?
1030423
Convert -23132 (base 5) to base 3.
-2021202
-103 (base 10) to base 14
-75
Convert -136 (base 10) to base 15.
-91
What is 24150 (base 7) in base 8?
14162
What is -a4 (base 15) in base 8?
-232
Convert -3574 (base 9) to base 5.
-41114
What is -344 (base 9) in base 13?
-18a
What is -113 (base 6) in base 3?
-1200
-a08 (base 12) to base 15
-668
What is 205451 (base 6) in base 16?
41a7
What is 1133 (base 4) in base 3?
10112
Convert 1342101 (base 5) to base 16.
6c80
What is 1066 (base 7) in base 6?
1451
Convert -bae5 (base 16) to base 9.
-72561
Convert 15634 (base 9) to base 10.
10723
Convert 358 (base 12) to base 16.
1f4
What is -389c (base 15) in base 6?
-131520
Convert 5 (base 10) to base 8.
5
What is 1 (base 10) in base 15?
1
Convert -17337 (base 8) to base 5.
-223103
What is -3333 (base 6) in base 4?
-30021
What is 4151 (base 9) in base 15?
d7d
What is 1001000000 (base 2) in base 11?
484
What is 26db (base 14) in base 2?
1101011001001
Convert -2001 (base 3) to base 16.
-37
210 (base 8) to base 3
12001
Convert 17e (base 15) to base 13.
206
27472 (base 10) to base 7
143044
What is -111000000 (base 2) in base 15?
-1ed
What is -1253 (base 7) in base 3?
-122202
What is 21410 (base 5) in base 10?
1480
-1100011111 (base 2) to base 8
-1437
What is 1027 (base 12) in base 3?
2102011
Convert 31031 (base 4) to base 9.
1138
What is -1111001111 (base 2) in base 7?
-2562
Convert 258a3 (base 12) to base 3.
2121111020
What is -12333200 (base 4) in base 11?
-1a577
-19531 (base 11) to base 2
-110101001111011
-111010101 (base 2) to base 5
-3334
What is -214 (base 6) in base 16?
-52
8a9 (base 11) to base 8
2077
Convert 2719 (base 13) to base 16.
15df
What is -292 (base 15) in base 11?
-494
Convert -244233 (base 5) to base 10.
-9318
246414 (base 7) to base 3
2022101120
1441 (base 5) to base 12
186
2808 (base 15) to base 11
6480
-10 (base 2) to base 13
-2
Convert 13314 (base 5) to base 14.
576
Convert -117e (base 16) to base 10.
-4478
Convert -133637 (base 9) to base 2.
-10011111000011111
-22123 (base 4) to base 3
-220201
What is 426 (base 9) in base 2?
101011100
-2454 (base 6) to base 3
-211121
1037 (base 14) to base 16
ae9
Convert 10b4 (base 12) to base 3.
2120001
123 (base 6) to base 3
1220
32402 (base 5) to base 13
1024
What is -2110122111 (base 3) in base 11?
-3355a
Convert -2520 (base 7) to base 10.
-945
Convert -36376 (base 8) to base 2.
-11110011111110
What is -6d1 (base 16) in base 11?
-1347
1024 (base 5) to base 11
117
What is 11001111000 (base 2) in base 5?
23111
Convert -31536 (base 9) to base 3.
-1001121020
-a29 (base 12) to base 11
-111a
-555 (base 6) to base 7
-425
Convert 8909 (base 13) to base 6.
224242
What is -3180 (base 10) in base 5?
-100210
What is -3b0 (base 13) in base 8?
-1212
123200 (base 5) to base 9
6523
What is 14518 (base 11) in base 14?
7709
143 (base 11) to base 9
206
Convert -398 (base 12) to base 7.
-1412
What is 1213 (base 9) in base 16?
387
8a94 (base 11) to base 4
2322321
211 (base 13) to base 16
160
What is -2224032 (base 5) in base 9?
-58770
Convert 103112 (base 6) to base 3.
102121122
What is -35241 (base 6) in base 16?
-13c9
Convert 14aba (base 12) to base 16.
722e
Convert -5241 (base 8) to base 13.
-1314
What is 102 (base 3) in base 9?
12
Convert -2734 (base 8) to base 3.
-2001120
1012 (base 5) to base 12
b0
What is 871 (base 14) in base 12?
b6b
What is 110000111000 (base 2) in base 7?
12056
What is 15430 (base 7) in base 6?
32021
What is 112221 (base 5) in base 15?
130b
-1111010000011111 (base 2) to base 13
-225a4
-375 (base 16) to base 9
-1183
Convert 155 (base 10) to base 9.
182
-62542 (base 7) to base 15
-4847
65 (base 10) to base 2
1000001
Convert -1011102202 (base 3) to base 14.
-84cc
Convert a03 (base 12) to base 16.
5a3
Convert -281 (base 12) to base 16.
-181
What is a7 (base 14) in base 4?
2103
Convert 1233 (base 8) to base 4.
22123
111000202 (base 3) to base 4
2110121
What is 486 (base 10) in base 14?
26a
Convert 140 (base 10) to base 14.
a0
Convert 30343 (base 5) to base 10.
1973
Convert 185 (base 11) to base 3.
21221
6938 (base 10) to base 3
100111222
Convert 24421 (base 6) to base 8.
7035
20011220 (base 3) to base 7
16065
What is -b82b (base 13) in base 3?
-1022001112
Convert 1711 (base 8) to base 6.
4253
Convert -33242 (base 5) to base 12.
-1416
-84a0 (base 14) to base 16
-595c
What is 10b3 (base 14) in base 9?
3873
What is -39811 (base 10) in base 11?
-27a02
What is -1842 (base 13) in base 14?
-1455
What is 27a (base 16) in base 10?
634
Convert 55243 (base 9) to base 10.
36651
114525 (base 6) to base 8
23625
-1100110110 (base 2) to base 3
-1010110
317 (base 12) to base 2
111000011
What is 1199 (base 10) in base 8?
2257
Convert -40 (base 5) to base 10.
-20
Convert -31b (base 13) to base 6.
-2243
Convert 10001001000001 (base 2) to base 7.
34365
What is -3303322 (base 4) in base 8?
-36372
10053 (base 6) to base 13
7b3
-5481 (base 10) to base 9
-7460
-136255 (base 7) to base 10
-26206
10100001111110 (base 2) to base 11
7874
What is -2458 (base 9) in base 4?
-130223
Convert -33504 (base 6) to base 3.
-20110211
Convert 6362 (base 8) to base 12.
1b02
What is -12241 (base 5) in base 15?
-431
-10144 (base 8) to base 2
-1000001100100
Convert 3012203 (base 4) to base 10.
12707
What is 207 (base 8) in base 10?
135
2201101 (base 4) to base 13
490c
Convert 1100202 (base 4) to base 8.
12042
What is -1434 (base 16) in base 8?
-12064
Convert -3bc (base 13) to base 12.
-472
-144 (base 9) to base 11
-100
What is 31 (base 10) in base 12?
27
What is -1475 (base 13) in base 11?
-225a
What is -71382 (base 9) in base 2?
-1011011101111101
What is 1542 (base 6) in base 8?
646
-2bb (base 13) to base 16
-1ec
What is 7a9a (base 14) in base 6?
242344
What is -4341 (base 5) in base 16?
-254
What is 84b (base 14) in base 4?
121203
Convert -